is the remainder when 70256609 is divided by 2358?
2357
Calculate the remainder when 33245 is divided by 11042.
119
Calculate the remainder when 433845 is divided by 5936.
517
What is the remainder when 14818261 is divided by 59?
57
What is the remainder when 2480005 is divided by 4797?
4753
What is the remainder when 682905 is divided by 1682?
13
Calculate the remainder when 19138841 is divided by 1998.
1997
Calculate the remainder when 14288 is divided by 890.
48
What is the remainder when 2542 is divided by 76?
34
What is the remainder when 10845 is divided by 2658?
213
What is the remainder when 702504 is divided by 10807?
49
Calculate the remainder when 925906 is divided by 1456.
1346
What is the remainder when 542356 is divided by 1226?
464
What is the remainder when 4049024 is divided by 13962?
44
Calculate the remainder when 59054257 is divided by 85.
82
Calculate the remainder when 117772797 is divided by 3799.
3797
Calculate the remainder when 214966 is divided by 124.
74
Calculate the remainder when 96801 is divided by 6793.
1699
Calculate the remainder when 15683829 is divided by 366.
363
Calculate the remainder when 867171 is divided by 244.
239
Calculate the remainder when 4499702 is divided by 6419.
6402
Calculate the remainder when 30982391 is divided by 5060.
11
Calculate the remainder when 5196001 is divided by 372.
277
What is the remainder when 366336 is divided by 2491?
159
What is the remainder when 5817735 is divided by 4228?
7
What is the remainder when 3012330 is divided by 8054?
134
Calculate the remainder when 1291406 is divided by 52.
38
Calculate the remainder when 324386 is divided by 948.
170
What is the remainder when 1144022195 is divided by 411?
407
Calculate the remainder when 8056275 is divided by 119.
94
What is the remainder when 24141 is divided by 11413?
1315
Calculate the remainder when 1689059 is divided by 33115.
194
Calculate the remainder when 8603811 is divided by 279.
9
What is the remainder when 687712 is divided by 49?
46
Calculate the remainder when 2791289 is divided by 2791250.
39
What is the remainder when 12853001 is divided by 1148?
1141
Calculate the remainder when 8859826 is divided by 402718.
30
What is the remainder when 97410 is divided by 12130?
370
Calculate the remainder when 32362 is divided by 221.
96
What is the remainder when 6260865 is divided by 295?
80
Calculate the remainder when 14720 is divided by 599.
344
What is the remainder when 5658366 is divided by 18552?
6
What is the remainder when 1283663 is divided by 839?
832
What is the remainder when 362244303 is divided by 59?
56
Calculate the remainder when 9257519 is divided by 408.
407
Calculate the remainder when 1102440 is divided by 35561.
49
Calculate the remainder when 77258411 is divided by 38629193.
25
Calculate the remainder when 534964 is divided by 59440.
4
Calculate the remainder when 412641 is divided by 6549.
54
What is the remainder when 13975897 is divided by 50?
47
What is the remainder when 24746227 is divided by 1077?
1075
What is the remainder when 51121 is divided by 1664?
1201
What is the remainder when 1758105 is divided by 28356?
33
What is the remainder when 753266 is divided by 317?
74
What is the remainder when 591785 is divided by 440?
425
What is the remainder when 18029804 is divided by 469?
37
What is the remainder when 43474 is divided by 3650?
3324
Calculate the remainder when 4832018 is divided by 71059.
6
What is the remainder when 22938717 is divided by 191?
190
Calculate the remainder when 25377375 is divided by 213.
129
Calculate the remainder when 1551334209 is divided by 635.
634
What is the remainder when 2169026 is divided by 510?
506
Calculate the remainder when 232151093 is divided by 63.
62
What is the remainder when 22537808 is divided by 11268903?
2
Calculate the remainder when 414300 is divided by 103570.
20
Calculate the remainder when 1127550 is divided by 83.
78
What is the remainder when 5198973 is divided by 505?
503
Calculate the remainder when 6723732 is divided by 2241222.
66
What is the remainder when 790276 is divided by 951?
946
What is the remainder when 1095530 is divided by 11779?
83
What is the remainder when 1712283 is divided by 50324?
1267
Calculate the remainder when 3804307 is divided by 852.
127
Calculate the remainder when 4141387 is divided by 8.
3
What is the remainder when 126520 is divided by 31544?
344
What is the remainder when 369018 is divided by 126?
90
Calculate the remainder when 375018 is divided by 427.
112
Calculate the remainder when 15602173 is divided by 5064.
5053
What is the remainder when 385675678 is divided by 19?
17
Calculate the remainder when 126408264 is divided by 39.
21
What is the remainder when 2788287 is divided by 10404?
15
What is the remainder when 1344109 is divided by 671403?
1303
What is the remainder when 59967 is divided by 140?
47
Calculate the remainder when 1440295 is divided by 4.
3
Calculate the remainder when 1656118 is divided by 20700.
118
Calculate the remainder when 19614926 is divided by 18.
2
Calculate the remainder when 93038 is divided by 18397.
1053
What is the remainder when 1709025 is divided by 2547?
2535
What is the remainder when 64640 is divided by 3574?
308
Calculate the remainder when 201704 is divided by 551.
38
Calculate the remainder when 78878 is divided by 7301.
5868
Calculate the remainder when 3016703 is divided by 17.
2
What is the remainder when 4813116 is divided by 3503?
3497
Calculate the remainder when 29103 is divided by 2244.
2175
What is the remainder when 853053 is divided by 55?
3
Calculate the remainder when 111892 is divided by 3877.
3336
Calculate the remainder when 367785527 is divided by 22.
21
What is the remainder when 4846765 is divided by 538527?
22
What is the remainder when 258163 is divided by 2786?
1851
Calculate the remainder when 134842 is divided by 235.
187
What is the remainder when 469770 is divided by 4432?
4410
Calculate the remainder when 392768 is divided by 38637.
6398
What is the remainder when 49201 is divided by 24479?
243
Calculate the remainder when 5381302 is divided by 1793765.
7
Calculate the remainder when 10715188 is divided by 765366.
64
Calculate the remainder when 14812086 is divided by 14812055.
31
Calculate the remainder when 85777117 is divided by 48.
13
Calculate the remainder when 572354822 is divided by 175.
172
What is the remainder when 113753 is divided by 22707?
218
What is the remainder when 2489559 is divided by 155501?
1543
What is the remainder when 804115 is divided by 24?
19
Calculate the remainder when 1799216 is divided by 41842.
10
Calculate the remainder when 373833 is divided by 1472.
1417
What is the remainder when 459486893 is divided by 153162294?
11
Calculate the remainder when 3706519 is divided by 40.
39
What is the remainder when 4040421 is divided by 31814?
43
What is the remainder when 37113733 is divided by 319?
316
Calculate the remainder when 83595039 is divided by 35527.
8
What is the remainder when 81005 is divided by 94?
71
Calculate the remainder when 227875 is divided by 22599.
1885
What is the remainder when 26246 is divided by 308?
66
What is the remainder when 76082 is divided by 1492?
1482
Calculate the remainder when 28627 is divided by 2577.
280
Calculate the remainder when 9457 is divided by 3902.
1653
Calculate the remainder when 185911 is divided by 185886.
25
Calculate the remainder when 2432069 is divided by 634.
45
What is the remainder when 13502759 is divided by 2624?
2279
What is the remainder when 549138 is divided by 183041?
15
What is the remainder when 7935370 is divided by 12?
10
What is the remainder when 5515300 is divided by 1103057?
15
What is the remainder when 675917 is divided by 9259?
10
Calculate the remainder when 297971345 is divided by 41.
32
What is the remainder when 120882274 is divided by 11083?
11076
Calculate the remainder when 15862305 is divided by 7931124.
57
What is the remainder when 8948940 is divided by 171?
168
Calculate the remainder when 552868 is divided by 886.
4
What is the remainder when 809724 is divided by 482?
446
Calculate the remainder when 854917 is divided by 364.
245
What is the remainder when 1338325 is divided by 318?
181
Calculate the 